{"id":29879,"date":"2022-11-04T14:42:43","date_gmt":"2022-11-04T12:42:43","guid":{"rendered":"https:\/\/chg.es\/obra-nueva-costa-blanca\/%tipo%\/villa-avila"},"modified":"2024-12-23T15:35:11","modified_gmt":"2024-12-23T13:35:11","slug":"villa-avila","status":"publish","type":"promocion","link":"https:\/\/chg.es\/de\/villen-und-appartments-in-denia-y-oliva-nova\/%tipo%\/villa-avila","title":{"rendered":"Luxusvilla \u00c1vila"},"content":{"rendered":"<p>Villa auf zwei Stockwerken mit Wohn-Esszimmer, amerikanischer K\u00fcche mit Bartheke, einem Schlafzimmer mit eigenem Badezimmer und Abstellraum unter der Treppe im Erdgeschoss sowie zwei Schlafzimmer, Duschbadezimmer und Dachterrrasse im Obergeschoss.<\/p>\n","protected":false},"excerpt":{"rendered":"<p>Ma\u00dfgeschneiderte zweist\u00f6ckige Villa, die im Oliva Nova Beach &amp; Golf Resort gebaut werden soll.<\/p>\n","protected":false},"featured_media":27766,"parent":0,"menu_order":0,"template":"","meta":[],"class_list":["post-29879","promocion","type-promocion","status-publish","has-post-thumbnail","hentry","tags-villa-clasica-de","description-off"],"yoast_head":"<!-- This site is optimized with the Yoast SEO plugin v22.4 - https:\/\/yoast.com\/wordpress\/plugins\/seo\/ -->\n<title>Luxusvilla \u00c1vila - CHG<\/title>\n<meta name=\"description\" content=\"Luxusvillen CHG, die Villa \u00c1vila bietet ein exklusives Design auf 2 Etagen; CHG, Bauunternehmen ma\u00dfgeschneiderter und exklusiver Villen in Oliva und D\u00e9nia\" \/>\n<meta name=\"robots\" content=\"index, follow, max-snippet:-1, max-image-preview:large, max-video-preview:-1\" \/>\n<link rel=\"canonical\" href=\"https:\/\/chg.es\/de\/villen-und-appartments-in-denia-y-oliva-nova\/%tipo%\/villa-avila\" \/>\n<meta property=\"og:locale\" content=\"de_DE\" \/>\n<meta property=\"og:type\" content=\"article\" \/>\n<meta property=\"og:title\" content=\"Luxusvilla \u00c1vila - CHG\" \/>\n<meta property=\"og:description\" content=\"Luxusvillen CHG, die Villa \u00c1vila bietet ein exklusives Design auf 2 Etagen; CHG, Bauunternehmen ma\u00dfgeschneiderter und exklusiver Villen in Oliva und D\u00e9nia\" \/>\n<meta property=\"og:url\" content=\"https:\/\/chg.es\/de\/villen-und-appartments-in-denia-y-oliva-nova\/%tipo%\/villa-avila\" \/>\n<meta property=\"og:site_name\" content=\"CHG\" \/>\n<meta property=\"article:publisher\" content=\"https:\/\/www.facebook.com\/chgconstrucciones\/\" \/>\n<meta property=\"article:modified_time\" content=\"2024-12-23T13:35:11+00:00\" \/>\n<meta property=\"og:image\" content=\"https:\/\/chg.es\/wp-content\/uploads\/2022\/11\/villa-avila-galeria1.webp\" \/>\n\t<meta property=\"og:image:width\" content=\"800\" \/>\n\t<meta property=\"og:image:height\" content=\"530\" \/>\n\t<meta property=\"og:image:type\" content=\"image\/webp\" \/>\n<meta name=\"twitter:card\" content=\"summary_large_image\" \/>\n<meta name=\"twitter:title\" content=\"Luxusvilla \u00c1vila - CHG\" \/>\n<meta name=\"twitter:description\" content=\"Luxusvillen CHG, die Villa \u00c1vila bietet ein exklusives Design auf 2 Etagen; CHG, Bauunternehmen ma\u00dfgeschneiderter und exklusiver Villen in Oliva und D\u00e9nia\" \/>\n<meta name=\"twitter:label1\" content=\"Gesch\u00e4tzte Lesezeit\" \/>\n\t<meta name=\"twitter:data1\" content=\"1 Minute\" \/>\n<script type=\"application\/ld+json\" class=\"yoast-schema-graph\">{\"@context\":\"https:\/\/schema.org\",\"@graph\":[{\"@type\":\"WebPage\",\"@id\":\"https:\/\/chg.es\/de\/villen-und-appartments-in-denia-y-oliva-nova\/%tipo%\/villa-avila\",\"url\":\"https:\/\/chg.es\/de\/villen-und-appartments-in-denia-y-oliva-nova\/%tipo%\/villa-avila\",\"name\":\"Luxusvilla \u00c1vila - CHG\",\"isPartOf\":{\"@id\":\"https:\/\/chg.es\/en\/#website\"},\"primaryImageOfPage\":{\"@id\":\"https:\/\/chg.es\/de\/villen-und-appartments-in-denia-y-oliva-nova\/%tipo%\/villa-avila#primaryimage\"},\"image\":{\"@id\":\"https:\/\/chg.es\/de\/villen-und-appartments-in-denia-y-oliva-nova\/%tipo%\/villa-avila#primaryimage\"},\"thumbnailUrl\":\"https:\/\/chg.es\/wp-content\/uploads\/2022\/11\/villa-avila-galeria1.webp\",\"datePublished\":\"2022-11-04T12:42:43+00:00\",\"dateModified\":\"2024-12-23T13:35:11+00:00\",\"description\":\"Luxusvillen CHG, die Villa \u00c1vila bietet ein exklusives Design auf 2 Etagen; CHG, Bauunternehmen ma\u00dfgeschneiderter und exklusiver Villen in Oliva und D\u00e9nia\",\"breadcrumb\":{\"@id\":\"https:\/\/chg.es\/de\/villen-und-appartments-in-denia-y-oliva-nova\/%tipo%\/villa-avila#breadcrumb\"},\"inLanguage\":\"de-DE\",\"potentialAction\":[{\"@type\":\"ReadAction\",\"target\":[\"https:\/\/chg.es\/de\/villen-und-appartments-in-denia-y-oliva-nova\/%tipo%\/villa-avila\"]}]},{\"@type\":\"ImageObject\",\"inLanguage\":\"de-DE\",\"@id\":\"https:\/\/chg.es\/de\/villen-und-appartments-in-denia-y-oliva-nova\/%tipo%\/villa-avila#primaryimage\",\"url\":\"https:\/\/chg.es\/wp-content\/uploads\/2022\/11\/villa-avila-galeria1.webp\",\"contentUrl\":\"https:\/\/chg.es\/wp-content\/uploads\/2022\/11\/villa-avila-galeria1.webp\",\"width\":800,\"height\":530},{\"@type\":\"BreadcrumbList\",\"@id\":\"https:\/\/chg.es\/de\/villen-und-appartments-in-denia-y-oliva-nova\/%tipo%\/villa-avila#breadcrumb\",\"itemListElement\":[{\"@type\":\"ListItem\",\"position\":1,\"name\":\"Home\",\"item\":\"https:\/\/chg.es\/home-3\"},{\"@type\":\"ListItem\",\"position\":2,\"name\":\"Promociones\",\"item\":\"https:\/\/chg.es\/en\/new-developments-costa-blanca\/%tipo%\"},{\"@type\":\"ListItem\",\"position\":3,\"name\":\"Luxusvilla \u00c1vila\"}]},{\"@type\":\"WebSite\",\"@id\":\"https:\/\/chg.es\/en\/#website\",\"url\":\"https:\/\/chg.es\/en\/\",\"name\":\"CHG\",\"description\":\"CHG\",\"publisher\":{\"@id\":\"https:\/\/chg.es\/en\/#organization\"},\"potentialAction\":[{\"@type\":\"SearchAction\",\"target\":{\"@type\":\"EntryPoint\",\"urlTemplate\":\"https:\/\/chg.es\/en\/?s={search_term_string}\"},\"query-input\":\"required name=search_term_string\"}],\"inLanguage\":\"de-DE\"},{\"@type\":\"Organization\",\"@id\":\"https:\/\/chg.es\/en\/#organization\",\"name\":\"CHG\",\"url\":\"https:\/\/chg.es\/en\/\",\"logo\":{\"@type\":\"ImageObject\",\"inLanguage\":\"de-DE\",\"@id\":\"https:\/\/chg.es\/en\/#\/schema\/logo\/image\/\",\"url\":\"https:\/\/chg.es\/wp-content\/uploads\/2022\/09\/logo-chg.svg\",\"contentUrl\":\"https:\/\/chg.es\/wp-content\/uploads\/2022\/09\/logo-chg.svg\",\"caption\":\"CHG\"},\"image\":{\"@id\":\"https:\/\/chg.es\/en\/#\/schema\/logo\/image\/\"},\"sameAs\":[\"https:\/\/www.facebook.com\/chgconstrucciones\/\",\"https:\/\/www.instagram.com\/chg.es\/\",\"https:\/\/www.linkedin.com\/company\/construcciones-hispano-germanas\/about\/\"]}]}<\/script>\n<!-- \/ Yoast SEO plugin. -->","yoast_head_json":{"title":"Luxusvilla \u00c1vila - CHG","description":"Luxusvillen CHG, die Villa \u00c1vila bietet ein exklusives Design auf 2 Etagen; CHG, Bauunternehmen ma\u00dfgeschneiderter und exklusiver Villen in Oliva und D\u00e9nia","robots":{"index":"index","follow":"follow","max-snippet":"max-snippet:-1","max-image-preview":"max-image-preview:large","max-video-preview":"max-video-preview:-1"},"canonical":"https:\/\/chg.es\/de\/villen-und-appartments-in-denia-y-oliva-nova\/%tipo%\/villa-avila","og_locale":"de_DE","og_type":"article","og_title":"Luxusvilla \u00c1vila - CHG","og_description":"Luxusvillen CHG, die Villa \u00c1vila bietet ein exklusives Design auf 2 Etagen; CHG, Bauunternehmen ma\u00dfgeschneiderter und exklusiver Villen in Oliva und D\u00e9nia","og_url":"https:\/\/chg.es\/de\/villen-und-appartments-in-denia-y-oliva-nova\/%tipo%\/villa-avila","og_site_name":"CHG","article_publisher":"https:\/\/www.facebook.com\/chgconstrucciones\/","article_modified_time":"2024-12-23T13:35:11+00:00","og_image":[{"width":800,"height":530,"url":"https:\/\/chg.es\/wp-content\/uploads\/2022\/11\/villa-avila-galeria1.webp","type":"image\/webp"}],"twitter_card":"summary_large_image","twitter_title":"Luxusvilla \u00c1vila - CHG","twitter_description":"Luxusvillen CHG, die Villa \u00c1vila bietet ein exklusives Design auf 2 Etagen; CHG, Bauunternehmen ma\u00dfgeschneiderter und exklusiver Villen in Oliva und D\u00e9nia","twitter_misc":{"Gesch\u00e4tzte Lesezeit":"1 Minute"},"schema":{"@context":"https:\/\/schema.org","@graph":[{"@type":"WebPage","@id":"https:\/\/chg.es\/de\/villen-und-appartments-in-denia-y-oliva-nova\/%tipo%\/villa-avila","url":"https:\/\/chg.es\/de\/villen-und-appartments-in-denia-y-oliva-nova\/%tipo%\/villa-avila","name":"Luxusvilla \u00c1vila - CHG","isPartOf":{"@id":"https:\/\/chg.es\/en\/#website"},"primaryImageOfPage":{"@id":"https:\/\/chg.es\/de\/villen-und-appartments-in-denia-y-oliva-nova\/%tipo%\/villa-avila#primaryimage"},"image":{"@id":"https:\/\/chg.es\/de\/villen-und-appartments-in-denia-y-oliva-nova\/%tipo%\/villa-avila#primaryimage"},"thumbnailUrl":"https:\/\/chg.es\/wp-content\/uploads\/2022\/11\/villa-avila-galeria1.webp","datePublished":"2022-11-04T12:42:43+00:00","dateModified":"2024-12-23T13:35:11+00:00","description":"Luxusvillen CHG, die Villa \u00c1vila bietet ein exklusives Design auf 2 Etagen; CHG, Bauunternehmen ma\u00dfgeschneiderter und exklusiver Villen in Oliva und D\u00e9nia","breadcrumb":{"@id":"https:\/\/chg.es\/de\/villen-und-appartments-in-denia-y-oliva-nova\/%tipo%\/villa-avila#breadcrumb"},"inLanguage":"de-DE","potentialAction":[{"@type":"ReadAction","target":["https:\/\/chg.es\/de\/villen-und-appartments-in-denia-y-oliva-nova\/%tipo%\/villa-avila"]}]},{"@type":"ImageObject","inLanguage":"de-DE","@id":"https:\/\/chg.es\/de\/villen-und-appartments-in-denia-y-oliva-nova\/%tipo%\/villa-avila#primaryimage","url":"https:\/\/chg.es\/wp-content\/uploads\/2022\/11\/villa-avila-galeria1.webp","contentUrl":"https:\/\/chg.es\/wp-content\/uploads\/2022\/11\/villa-avila-galeria1.webp","width":800,"height":530},{"@type":"BreadcrumbList","@id":"https:\/\/chg.es\/de\/villen-und-appartments-in-denia-y-oliva-nova\/%tipo%\/villa-avila#breadcrumb","itemListElement":[{"@type":"ListItem","position":1,"name":"Home","item":"https:\/\/chg.es\/home-3"},{"@type":"ListItem","position":2,"name":"Promociones","item":"https:\/\/chg.es\/en\/new-developments-costa-blanca\/%tipo%"},{"@type":"ListItem","position":3,"name":"Luxusvilla \u00c1vila"}]},{"@type":"WebSite","@id":"https:\/\/chg.es\/en\/#website","url":"https:\/\/chg.es\/en\/","name":"CHG","description":"CHG","publisher":{"@id":"https:\/\/chg.es\/en\/#organization"},"potentialAction":[{"@type":"SearchAction","target":{"@type":"EntryPoint","urlTemplate":"https:\/\/chg.es\/en\/?s={search_term_string}"},"query-input":"required name=search_term_string"}],"inLanguage":"de-DE"},{"@type":"Organization","@id":"https:\/\/chg.es\/en\/#organization","name":"CHG","url":"https:\/\/chg.es\/en\/","logo":{"@type":"ImageObject","inLanguage":"de-DE","@id":"https:\/\/chg.es\/en\/#\/schema\/logo\/image\/","url":"https:\/\/chg.es\/wp-content\/uploads\/2022\/09\/logo-chg.svg","contentUrl":"https:\/\/chg.es\/wp-content\/uploads\/2022\/09\/logo-chg.svg","caption":"CHG"},"image":{"@id":"https:\/\/chg.es\/en\/#\/schema\/logo\/image\/"},"sameAs":["https:\/\/www.facebook.com\/chgconstrucciones\/","https:\/\/www.instagram.com\/chg.es\/","https:\/\/www.linkedin.com\/company\/construcciones-hispano-germanas\/about\/"]}]}},"localizacion":null,"precio":"","thumbnail_url":"https:\/\/chg.es\/wp-content\/uploads\/2022\/11\/villa-avila-galeria1.webp","num_habitaciones":"3","num_banos":"1 + aseo","m2_contruidos":"","m2_terraza":"","_links":{"self":[{"href":"https:\/\/chg.es\/de\/wp-json\/wp\/v2\/promocion\/29879","targetHints":{"allow":["GET"]}}],"collection":[{"href":"https:\/\/chg.es\/de\/wp-json\/wp\/v2\/promocion"}],"about":[{"href":"https:\/\/chg.es\/de\/wp-json\/wp\/v2\/types\/promocion"}],"wp:featuredmedia":[{"embeddable":true,"href":"https:\/\/chg.es\/de\/wp-json\/wp\/v2\/media\/27766"}],"wp:attachment":[{"href":"https:\/\/chg.es\/de\/wp-json\/wp\/v2\/media?parent=29879"}],"curies":[{"name":"wp","href":"https:\/\/api.w.org\/{rel}","templated":true}]}}

Luxusvilla Ávila

<p>Villa auf zwei Stockwerken mit Wohn-Esszimmer, amerikanischer Küche mit Bartheke, einem Schlafzimmer mit eigenem Badezimmer und Abstellraum unter der Treppe im Erdgeschoss sowie zwei Schlafzimmer, Duschbadezimmer und Dachterrrasse im Obergeschoss.</p>

<p>Maßgeschneiderte zweistöckige Villa, die im Oliva Nova Beach &amp; Golf Resort gebaut werden soll.</p>

<!-- This site is optimized with the Yoast SEO plugin v22.4 - https://yoast.com/wordpress/plugins/seo/ -->
<title>Luxusvilla Ávila - CHG</title>
<meta name="description" content="Luxusvillen CHG, die Villa Ávila bietet ein exklusives Design auf 2 Etagen; CHG, Bauunternehmen maßgeschneiderter und exklusiver Villen in Oliva und Dénia" />
<meta name="robots" content="index, follow, max-snippet:-1, max-image-preview:large, max-video-preview:-1" />
<link rel="canonical" href="https://chg.es/de/villen-und-appartments-in-denia-y-oliva-nova/%tipo%/villa-avila" />
<meta property="og:locale" content="de_DE" />
<meta property="og:type" content="article" />
<meta property="og:title" content="Luxusvilla Ávila - CHG" />
<meta property="og:description" content="Luxusvillen CHG, die Villa Ávila bietet ein exklusives Design auf 2 Etagen; CHG, Bauunternehmen maßgeschneiderter und exklusiver Villen in Oliva und Dénia" />
<meta property="og:url" content="https://chg.es/de/villen-und-appartments-in-denia-y-oliva-nova/%tipo%/villa-avila" />
<meta property="og:site_name" content="CHG" />
<meta property="article:publisher" content="https://www.facebook.com/chgconstrucciones/" />
<meta property="article:modified_time" content="2024-12-23T13:35:11+00:00" />
<meta property="og:image" content="https://chg.es/wp-content/uploads/2022/11/villa-avila-galeria1.webp" />
	<meta property="og:image:width" content="800" />
	<meta property="og:image:height" content="530" />
	<meta property="og:image:type" content="image/webp" />
<meta name="twitter:card" content="summary_large_image" />
<meta name="twitter:title" content="Luxusvilla Ávila - CHG" />
<meta name="twitter:description" content="Luxusvillen CHG, die Villa Ávila bietet ein exklusives Design auf 2 Etagen; CHG, Bauunternehmen maßgeschneiderter und exklusiver Villen in Oliva und Dénia" />
<meta name="twitter:label1" content="Geschätzte Lesezeit" />
	<meta name="twitter:data1" content="1 Minute" />
<script type="application/ld+json" class="yoast-schema-graph">{"@context":"https://schema.org","@graph":[{"@type":"WebPage","@id":"https://chg.es/de/villen-und-appartments-in-denia-y-oliva-nova/%tipo%/villa-avila","url":"https://chg.es/de/villen-und-appartments-in-denia-y-oliva-nova/%tipo%/villa-avila","name":"Luxusvilla Ávila - CHG","isPartOf":{"@id":"https://chg.es/en/#website"},"primaryImageOfPage":{"@id":"https://chg.es/de/villen-und-appartments-in-denia-y-oliva-nova/%tipo%/villa-avila#primaryimage"},"image":{"@id":"https://chg.es/de/villen-und-appartments-in-denia-y-oliva-nova/%tipo%/villa-avila#primaryimage"},"thumbnailUrl":"https://chg.es/wp-content/uploads/2022/11/villa-avila-galeria1.webp","datePublished":"2022-11-04T12:42:43+00:00","dateModified":"2024-12-23T13:35:11+00:00","description":"Luxusvillen CHG, die Villa Ávila bietet ein exklusives Design auf 2 Etagen; CHG, Bauunternehmen maßgeschneiderter und exklusiver Villen in Oliva und Dénia","breadcrumb":{"@id":"https://chg.es/de/villen-und-appartments-in-denia-y-oliva-nova/%tipo%/villa-avila#breadcrumb"},"inLanguage":"de-DE","potentialAction":[{"@type":"ReadAction","target":["https://chg.es/de/villen-und-appartments-in-denia-y-oliva-nova/%tipo%/villa-avila"]}]},{"@type":"ImageObject","inLanguage":"de-DE","@id":"https://chg.es/de/villen-und-appartments-in-denia-y-oliva-nova/%tipo%/villa-avila#primaryimage","url":"https://chg.es/wp-content/uploads/2022/11/villa-avila-galeria1.webp","contentUrl":"https://chg.es/wp-content/uploads/2022/11/villa-avila-galeria1.webp","width":800,"height":530},{"@type":"BreadcrumbList","@id":"https://chg.es/de/villen-und-appartments-in-denia-y-oliva-nova/%tipo%/villa-avila#breadcrumb","itemListElement":[{"@type":"ListItem","position":1,"name":"Home","item":"https://chg.es/home-3"},{"@type":"ListItem","position":2,"name":"Promociones","item":"https://chg.es/en/new-developments-costa-blanca/%tipo%"},{"@type":"ListItem","position":3,"name":"Luxusvilla Ávila"}]},{"@type":"WebSite","@id":"https://chg.es/en/#website","url":"https://chg.es/en/","name":"CHG","description":"CHG","publisher":{"@id":"https://chg.es/en/#organization"},"potentialAction":[{"@type":"SearchAction","target":{"@type":"EntryPoint","urlTemplate":"https://chg.es/en/?s={search_term_string}"},"query-input":"required name=search_term_string"}],"inLanguage":"de-DE"},{"@type":"Organization","@id":"https://chg.es/en/#organization","name":"CHG","url":"https://chg.es/en/","logo":{"@type":"ImageObject","inLanguage":"de-DE","@id":"https://chg.es/en/#/schema/logo/image/","url":"https://chg.es/wp-content/uploads/2022/09/logo-chg.svg","contentUrl":"https://chg.es/wp-content/uploads/2022/09/logo-chg.svg","caption":"CHG"},"image":{"@id":"https://chg.es/en/#/schema/logo/image/"},"sameAs":["https://www.facebook.com/chgconstrucciones/","https://www.instagram.com/chg.es/","https://www.linkedin.com/company/construcciones-hispano-germanas/about/"]}]}</script>
<!-- / Yoast SEO plugin. -->

Luxusvilla Ávila - CHG

Luxusvillen CHG, die Villa Ávila bietet ein exklusives Design auf 2 Etagen; CHG, Bauunternehmen maßgeschneiderter und exklusiver Villen in Oliva und Dénia
